 Let v be w(n). Let t = -9 + v. What is the units digit of t?
3
Let w = 6252 + -3516. What is the thousands digit of w?
2
Let c(r) = -r**3 + 13*r**2 - 7*r - 13. Let x be c(12). Suppose k = -3*h + x, -k = 2*h + k - 30. What is the tens digit of h?
1
What is the tens digit of (22/66)/((-1)/(-1953))?
5
Let f be 6*3/(9/2). Suppose 0 = -5*b - f*g - g + 125, -3*b - 4*g = -80. What is the tens digit of b?
2
What is the tens digit of -44*(19/(-266))/(4/14)?
1
Let a(v) = -370*v**3 + 4*v**2 - 2*v - 7. What is the tens digit of a(-2)?
7
Suppose 2*v + 3*o - 1435 = 0, 4*v - 2860 = -18*o + 22*o. What is the units digit of v?
6
Let m = -550 - -1257. What is the tens digit of m?
0
What is the tens digit of ((-1)/2*1)/((-137)/125218)?
5
Let p(n) be the third derivative of -23*n**4/24 + n**3/6 + 3*n**2. Suppose -2*s - 4*r = -6*s, -2*s - 4*r - 6 = 0. What is the tens digit of p(s)?
2
Let i(v) = v + 4. Let l be (-1 - 0)/(11/(-88)). Let g(y) = -y**2 + 9*y - 10. Let a be g(l). What is the units digit of i(a)?
2
What is the hundreds digit of (445/4)/(22/88)?
4
Let i(o) = -197 + 210 - 6*o + o**2 + 0*o. What is the tens digit of i(9)?
4
Suppose 0 = 4*o - o + 15. What is the units digit of (-528)/(-20) - (-2)/o?
6
Let u = -253 - -253. Let n be (-5 + 3)*(-115)/2. Suppose u = -w - 2*j + 48, -3*w + n = 5*j - 28. What is the units digit of w?
6
Suppose -119*f = -123*f + 6408. What is the tens digit of f?
0
Let t = -937 - -1791. What is the tens digit of t?
5
Let o be (-45 - (-1 + 3)*1) + -3. Let m = o + 116. What is the units digit of m?
6
Let n(y) = -y**3 + 15*y**2 + 17*y - 1. Let p(b) = b + 27. Let i be p(-11). Let l be n(i). Let m(j) = -j**2 + 15*j + 8. What is the units digit of m(l)?
8
What is the thousands digit of (7 + 94/(-6))*(-1269)/6?
1
Suppose -1 - 9 = -3*o + 2*t, 3*t = -6. Suppose 5*k - 3*s - 25 = 0, -3*k - o*s = -k + 6. Suppose -k*v - 22 = -q + 6, 3*q + 4*v = 84. What is the tens digit of q?
2
Let g(x) = 21*x + 64. Let r(w) = 4*w + 13. Let a(f) = 2*g(f) - 11*r(f). Let v be a(-11). Suppose k - v = 12. What is the units digit of k?
9
Suppose 15 = -i + 16*i. What is the units digit of i/((-3)/(42/(-2)))?
7
Suppose -4 = -4*v + 4. Suppose -v*k = 2*k - 8. What is the units digit of -3 + (18 + 2 - k)?
5
Let g = 2267 - -479. What is the units digit of g?
6
What is the units digit of 12/8*(0 + 154)?
1
Suppose 15*v + 13*v - 6860 = 0. What is the tens digit of v?
4
Let r = 91 + 49. What is the tens digit of r?
4
Suppose 1867 = z + 3*j, -2*z - 5*j - 959 = -4698. What is the units digit of z?
2
What is the tens digit of ((1/3)/(-1))/((-162)/99630)?
0
Let v = -18 - -18. Let w(k) = 2*k + 116. What is the units digit of w(v)?
6
Suppose -43*z + 9100 = -33*z. What is the hundreds digit of z?
9
Let z be (-2 + -1)/((-2)/10*-1). What is the tens digit of 2/(-8) + ((-23640)/32)/z?
4
Suppose 5*a = -3*m + 14445, 55*a = -3*m + 57*a + 14424. What is the thousands digit of m?
4
Suppose 0 = 4*h, 3*h - 1000 = -3*u + 2*u. What is the units digit of u?
0
Suppose 9*b - 3627 = 1431. What is the tens digit of b?
6
Suppose 47*d - 55*d = -5688. What is the tens digit of d?
1
Let s = 27 - -549. Suppose 3*i + 4*t + 224 = s, -2*i = -4*t - 228. What is the hundreds digit of i?
1
Let b = 8 + -5. Let y = 49 + -35. Let k = y + b. What is the units digit of k?
7
What is the tens digit of 6 + (1 - 4)*-411?
3
Let y(u) = u**3 - 2*u**2 - 4*u. Let b be y(3). Let i(q) = -q**2 - 5*q - 7. Let l(o) = -o**2 - o. Let d(g) = i(g) - 2*l(g). What is the units digit of d(b)?
1
What is the units digit of ((-50)/(-15) + -3)*(-2 - -104)?
4
Let v(z) = z**3. Let b be v(0). Suppose -4*y + 3*i + 52 + 33 = 0, -4*y - i + 105 = b. What is the tens digit of y?
2
Let b(c) = -c**2 - 17*c + 196. What is the hundreds digit of b(0)?
1
Let y be 18/(-117) + 2/13. Suppose y = k - 5*k + 28. Suppose k*f - 161 = -42. What is the units digit of f?
7
Suppose -4*d - 6 = -6*d. Suppose 0 = 2*f + d*f - 180. Suppose 2*p + 62 = 5*j - 37, p = -2*j + f. What is the tens digit of j?
1
Suppose 4*p = x - 4917, 10*p + 15 = 7*p. What is the hundreds digit of x?
8
Let p = -23 + 33. Let c = 9 + p. Let u = 19 + c. What is the units digit of u?
8
Suppose -22*b + 21953 = -26139. What is the hundreds digit of b?
1
Let o = 24 - 21. Suppose o*u - 70 = -385. Let w = u - -158. What is the tens digit of w?
5
Suppose -15*g = h - 17*g - 1393, 2*h - 2746 = -4*g. What is the thousands digit of h?
1
Let h(b) = 203*b + 1. Let x be h(1). Let a be x*6*(-4)/(-32). Suppose 0*p - 5*p = 2*z - a, p - z - 32 = 0. What is the tens digit of p?
3
Let y(a) = -a**2 - 16*a - 3. Suppose 4*g - 4*d + d + 78 = 0, 0 = 4*g + 5*d + 94. Let m = -35 - g. What is the tens digit of y(m)?
2
Let t = 211 - -416. What is the hundreds digit of t?
6
Suppose 0*u - 11865 = -21*u. What is the units digit of u?
5
Let d be 80/16 - (4 - 2). Suppose -5*p + 5*m + 1030 = 0, d*p - 3*m - 623 = -5*m. What is the units digit of p?
7
Let k be (-2)/(-4) + (-1)/2. Suppose -31*n + 34*n - 96 = k. What is the tens digit of n?
3
Suppose -4*q - 2253 = n, 3*n + 542 = -q + 7*n. Let t be 5/30 - q/12. Let d = t - 24. What is the units digit of d?
3
Let j = -41 + 346. Let c = j - 160. What is the units digit of c?
5
Let i = 2 - -18. What is the tens digit of (-8)/i*1*-140?
5
Let b(y) = -y**2 - 9*y - 19. Let l(u) be the first derivative of u**3/3 + 4*u**2 + 20*u - 9. Let g(m) = 6*b(m) + 5*l(m). What is the units digit of g(-6)?
4
Suppose -5*d + 2*b + 1519 = -8844, 0 = 4*d - 5*b - 8287. What is the units digit of d?
3
Suppose 1302*s + 9351 = 1311*s. What is the tens digit of s?
3
Suppose -2*i - 4*v = -42, -6*v = 3*i - 11*v - 74. Let p = i - 11. What is the units digit of (-214)/(-6) - 8/p?
5
Suppose 4*o + o - 10 = 0. Let b be -5*(o + 28/(-10)). Suppose 5*x - 5*f = 130, 5*x - 139 = -2*f + b*f. What is the tens digit of x?
2
Suppose -5*l - 153 = 2*g, -5*l - 2 = -g - 41. Let p = 89 + g. Suppose 5*t = 5*q + p + 60, -2*t - 5*q = -34. What is the units digit of t?
7
Suppose 3*m - 4*v - 6 = 204, -v - 267 = -4*m. Let p = m + -4. What is the tens digit of p?
6
Let s(f) = -351*f - 102. What is the units digit of s(-2)?
0
Suppose -16 = 3*u - 11*u. Suppose r + 3*t - 142 = u*t, -4*r + 5*t = -532. What is the tens digit of r?
3
Let i(f) = -92*f - 22. What is the hundreds digit of i(-5)?
4
Let u(z) = -16*z + 1 + 3 - 3. Let i be 1*-7*(-184)/(-322). What is the units digit of u(i)?
5
Let r = -94 - -94. Let d(p) = 3*p + 1. Let l be d(1). Suppose -4*u + r*b = l*b - 188, -3*u = -2*b - 151. What is the units digit of u?
9
Let z = -102 - -186. Suppose -2*d - 4*n = -z, 4*d + 5*n - n - 164 = 0. Let a = d - 20. What is the units digit of a?
0
What is the hundreds digit of (3/9 - -3)/(2/681)?
1
Let l = -5 + 5. Suppose -5*a + 3*z + 77 = l, -5*a - 4*z + 57 = -2*z. What is the units digit of a?
3
Let s be (2 - 1 - 2)/(-2)*626. Suppose -410 - 119 = -5*o - 3*n, -3*o - 4*n + s = 0. What is the units digit of o?
7
Let g = 1400 - 813. What is the units digit of g?
7
Let g(r) = -5*r**3 + r**2 - 2*r + 10. Let t(n) = -14*n**3 + 2*n**2 - 5*n + 29. Let f(i) = -11*g(i) + 4*t(i). What is the units digit of f(-4)?
4
Let f be 3 - (0 + 0/3). Suppose 2*a = p + 155, -2*p + 70 = -2*a + f*a. Let k = 143 - a. What is the tens digit of k?
6
Let m be 0 + (2 - 5) + 5. Let c be -61*((3 - m) + -2). Suppose 2*s - 1 = -4*w + c, 3*w = -3*s + 81. What is the tens digit of s?
2
Let u(x) = 2*x**2 - 30*x - 38. Let c be u(16). Let g(y) = y**2 + 5*y + 2. Let s be g(-3). What is the units digit of c/s*(-30)/(-3)?
5
Let a(y) be the third derivative of y**6/720 - y**5/40 - y**4/24 + y**2. Let t(h) be the second derivative of a(h). What is the units digit of t(5)?
2
Suppose -i = 25 - 23. Let b(m) = -8*m**3 - 2*m**2 - m - 2. What is the units digit of b(i)?
6
Suppose 0 = 5*j - 4*v + 584, -3*v + 151 = -j + 32. What is the units digit of -1*j/(-16)*-28 + 0?
3
Let o(u) = -3*u**3 - 25*u**2 - 34*u + 6. What is the units digit of o(-10)?
6
Let b(u) be the third derivative of u**6/120 - u**5/60 - u**4/12 + 28*u**3/3 + 26*u**2. What is the tens digit of b(0)?
5
Let s(k) = 3*k + 2. Let r be s(-1). Suppose -u - 3 = -17. What is the tens digit of (u/8)/(r/(-8))?
1
Suppose -7*a - 2*p + 675 = -4*a, 4*p = -5*a + 1125. Let s = a + -114. What is the units digit of s?
1
Let r(k) = 2*k**2 - 9*k + 2. Let w b